Calculate the highest common factor of 630 and 6004845.
315
What is the greatest common factor of 432 and 49584?
48
What is the greatest common factor of 11932 and 133?
19
What is the greatest common divisor of 11527658 and 1549?
1549
What is the greatest common divisor of 480151 and 82?
41
What is the highest common factor of 102 and 17142?
6
Calculate the highest common factor of 667 and 99441.
29
What is the highest common factor of 400 and 1135900?
100
What is the greatest common factor of 16 and 4720176?
16
Calculate the highest common factor of 18948700 and 190.
190
Calculate the highest common factor of 458606 and 1334.
58
Calculate the highest common factor of 141810 and 10730.
290
Calculate the highest common factor of 299030 and 90.
10
What is the highest common divisor of 49676 and 44?
44
What is the highest common divisor of 53 and 441?
1
What is the greatest common divisor of 2405 and 260?
65
Calculate the highest common divisor of 27666 and 1827.
261
Calculate the greatest common divisor of 8940 and 7695.
15
Calculate the highest common divisor of 208 and 1312.
16
What is the greatest common divisor of 250 and 246875?
125
What is the greatest common divisor of 22340 and 4?
4
Calculate the highest common divisor of 12769 and 1.
1
What is the highest common divisor of 154644 and 1092?
84
What is the highest common factor of 268 and 83884?
268
What is the highest common divisor of 52 and 316108?
52
What is the highest common divisor of 94078 and 85?
17
What is the greatest common divisor of 528 and 7163376?
528
Calculate the highest common divisor of 309 and 1020009.
309
Calculate the highest common factor of 200 and 352640.
40
What is the highest common divisor of 4590 and 485775?
765
Calculate the greatest common factor of 591313 and 1082.
541
What is the highest common factor of 14634 and 3523?
271
What is the greatest common factor of 255606 and 39?
39
Calculate the highest common divisor of 1582 and 4.
2
What is the highest common divisor of 180 and 66168?
36
Calculate the highest common factor of 2500 and 740.
20
What is the highest common factor of 4692 and 13124?
68
Calculate the greatest common factor of 144 and 378576.
144
What is the greatest common factor of 882 and 2940?
294
Calculate the greatest common factor of 744 and 14415.
93
Calculate the highest common divisor of 273 and 82641.
39
Calculate the greatest common divisor of 166 and 242941.
83
Calculate the greatest common divisor of 68 and 668.
4
What is the highest common divisor of 113651 and 29?
29
What is the highest common divisor of 630 and 10890?
90
Calculate the highest common factor of 199 and 75620.
199
What is the greatest common factor of 16 and 10282?
2
What is the greatest common factor of 486 and 58563?
243
What is the highest common divisor of 887474 and 434?
14
What is the greatest common factor of 5997699 and 54?
27
What is the greatest common divisor of 189482 and 17?
17
Calculate the highest common divisor of 29 and 2681891.
29
What is the greatest common divisor of 34728 and 168?
24
Calculate the highest common divisor of 48 and 220448.
16
Calculate the highest common divisor of 830 and 48630.
10
What is the highest common factor of 2006 and 41446?
34
Calculate the greatest common factor of 9454 and 338062.
326
Calculate the greatest common factor of 20140 and 2660.
380
What is the highest common divisor of 80 and 2919472?
16
Calculate the greatest common factor of 1054 and 62558.
62
What is the highest common divisor of 3918 and 24?
6
Calculate the greatest common factor of 548 and 1370.
274
Calculate the highest common factor of 12480 and 1274.
26
What is the highest common divisor of 5898217 and 13?
13
Calculate the greatest common divisor of 6 and 3445812.
6
Calculate the greatest common divisor of 404798 and 248.
62
What is the greatest common divisor of 45872 and 940?
188
Calculate the greatest common factor of 2650 and 966.
2
What is the greatest common divisor of 29 and 159181?
29
Calculate the highest common divisor of 4627 and 224.
7
What is the greatest common divisor of 39814 and 1666?
34
What is the greatest common divisor of 1330 and 6755?
35
Calculate the greatest common factor of 3996 and 30348.
108
What is the highest common divisor of 791245 and 47?
47
What is the greatest common factor of 926 and 3443794?
926
What is the greatest common divisor of 873 and 1433466?
873
Calculate the greatest common divisor of 354 and 41949.
177
Calculate the greatest common divisor of 42 and 56142.
6
Calculate the highest common factor of 731 and 1207.
17
What is the greatest common divisor of 1466 and 1995226?
1466
What is the greatest common divisor of 1490725 and 350?
25
What is the highest common divisor of 115731 and 203?
7
What is the highest common divisor of 546 and 7882602?
546
Calculate the highest common divisor of 12704 and 128.
32
What is the greatest common divisor of 5805 and 495?
45
What is the greatest common divisor of 185020 and 440?
220
Calculate the greatest common divisor of 19 and 442301.
19
What is the greatest common divisor of 391 and 403087?
17
What is the highest common factor of 8208 and 105184?
304
Calculate the highest common factor of 17 and 81379.
17
Calculate the highest common divisor of 161 and 61410.
23
What is the greatest common factor of 532 and 95494?
266
What is the greatest common divisor of 1447 and 229?
1
What is the greatest common divisor of 750692 and 212?
212
What is the greatest common factor of 6 and 445866?
6
What is the greatest common divisor of 483 and 10304?
161
What is the greatest common factor of 835 and 1929685?
835
What is the highest common factor of 585398 and 22?
22
Calculate the highest common divisor of 360 and 66330.
90
What is the greatest common divisor of 16644 and 1368?
228
What is the highest common divisor of 10000569 and 1146?
573
What is the greatest common divisor of 682 and 270754?
682
Calculate the greatest common divisor of 52485 and 30.
15
What is the greatest common divisor of 647979 and 115?
23
What is the greatest common factor of 512118 and 2?
2
What is the highest common divisor of 3311 and 86?
43
What is the greatest common factor of 3382 and 7298?
178
What is the greatest common divisor of 600 and 1221720?
120
Calculate the highest common factor of 140688 and 1422.
18
Calculate the highest common divisor of 75283 and 39.
13
What is the highest common factor of 6 and 55788?
6
What is the greatest common divisor of 552101 and 11?
11
Calculate the highest common divisor of 38801 and 805.
161
Calculate the highest common divisor of 325 and 119.
1
What is the highest common divisor of 353101 and 1168?
73
Calculate the greatest common factor of 270 and 49965.
15
What is the greatest common factor of 16056 and 31?
1
Calculate the greatest common divisor of 10654 and 2114.
14
Calculate the greatest common factor of 1000 and 185875.
125
What is the highest common factor of 30272 and 4672?
64
Calculate the greatest common factor of 31720 and 455.
65
Calculate the highest common divisor of 7936 and 768.
256
Calculate the greatest common factor of 45 and 593445.
15
What is the greatest common divisor of 843350 and 100?
50
Calculate the highest common divisor of 17 and 5684171.
17
What is the highest common factor of 87 and 1129173?
87
What is the greatest common divisor of 75 and 7629?
3
What is the greatest common factor of 30261 and 5313?
231
What is the highest common divisor of 117224 and 392?
8
What is the highest common factor of 99599 and 411?
137
Calculate the greatest common divisor of 19398 and 3657.
159
Calculate the highest common factor of 3830466 and 82.
82
Calculate the greatest common factor of 174 and 19401.
87
Calculate the highest common divisor of 72 and 19908.
36
What is the highest common factor of 26217 and 162?
27
What is the greatest common divisor of 173056 and 16?
16
What is the greatest common divisor of 19008 and 2808?
216
What is the greatest common factor of 15890 and 490?
70
Calculate the highest common factor of 122560 and 320.
320
What is the highest common factor of 1402402 and 506?
46
What is the greatest common divisor of 840 and 12684?
84
Calculate the highest common factor of 22 and 477598.
22
What is the greatest common divis